 - 2*m - 13. What is s(t)?
-73
Suppose 0*k = -k - k. Suppose -2*g + 5*l + 3 = -3*g, -4*g + 3*l + 57 = k. Suppose 7*v = -16 - g. Let y(i) = 2*i + 6. Give y(v).
-2
Let o = 103 - 100. Let g(a) = 17*a**2 - o*a - 2*a**3 - 35*a**2 + 13*a**2 + a**3. Calculate g(-3).
-9
Let m be (-6)/(-8) - (30 + 73/(-4)). Let c(x) = 7*x**2 + 81*x + 13. What is c(m)?
-31
Let v be 1*-1 - 0 - -2. Suppose -3*u = 124 - 112. Let n(o) = o**2 + 2*o + 3. Let i(l) = -3*l**2 - 6*l - 8. Let f(k) = u*i(k) - 11*n(k). Calculate f(v).
2
Suppose -122*i = -213*i + 910. Let n(u) = -u**3 + 7*u**2 + 31*u + 9. What is n(i)?
19
Let d(z) = z**2 + 4*z - 18. Let x be d(-7). Suppose 2*m - x = y, -4*m - 17 = -2*m + 3*y. Let a be m*((-20)/5 + 6). Let c(n) = -9*n. What is c(a)?
18
Suppose -110 = -4*r - 3*m - 45, 2*r = -3*m + 37. Let y(b) = 2*b - 20. Determine y(r).
8
Let i(j) be the third derivative of j**6/60 + j**5/60 - j**4/12 - j**3/2 - 334*j**2. Let n be -5*(-6)/45*-3. Determine i(n).
-11
Let c(m) = 13*m - 2. Suppose -2*r = 3*h - 2, -78*r + 4*h = -80*r + 2. Determine c(r).
11
Let m(o) = -o**2 + o + 1. Let j(i) be the second derivative of -i**5/2 + i**4/6 - i**3/3 - 3*i**2/2 - 24*i - 2. Let h(v) = -j(v) - 3*m(v). Calculate h(1).
10
Let q(f) be the first derivative of f**5/60 - f**4/6 + 5*f**3/6 + 55*f**2/2 + 55. Let b(t) be the second derivative of q(t). Calculate b(5).
10
Suppose 376 = 7*v + 418. Let x(c) be the third derivative of c**5/60 + c**4/4 - c**3/3 + c**2. Calculate x(v).
-2
Let i = -65 + 215. Let k = i + -143. Let m(r) = 3 - 2 - 4 + r - 7. Give m(k).
-3
Suppose 0*i - 4 = 2*i. Suppose 2*z - u - 4 = 0, 3*z = -4*u + 8 + 9. Let l(k) = -11*k - 7*k - 3*k + 20*k - k**2 - 4 + z. What is l(i)?
-3
Let w(i) = -2*i - 4 + 4 - 5. Suppose h - 3*b - 2 = 0, 0 = 5*h + 2*b - 4 - 6. Suppose 0 = 2*q - 0*l - 5*l + 15, q + 3*l = -h. Give w(q).
5
Let j(n) = 115 - 9359*n**2 + 9358*n**2 + 8*n - 108. Calculate j(4).
23
Suppose 113*v + 34*v = 34*v + 565. Let l(z) = 6*z**2 - 30*z + 5. What is l(v)?
5
Let l(c) be the third derivative of c**6/60 - c**5 + c**4/6 - 43*c**3/2 - 2*c**2 + 5*c + 144. Determine l(30).
-9
Suppose -20*i - 6 + 25 = 99. Let g = 0 + 3. Let q(b) = -4 - b + 3 + b**2 - g. Give q(i).
16
Let r(c) = 17*c + 336. Let g(p) = 60*p + 1176. Let y(t) = 5*g(t) - 18*r(t). Let h be y(-27). Let k(f) = -f**2 - 5*f - 3. What is k(h)?
-9
Let u(a) = a + 1. Let d = 93 - 96. Let p be d*(-1)/5*20/(-4). Let k be p*(-10)/(-45)*-3. Determine u(k).
3
Let j(d) = 35*d**2 - 2. Let l(w) = 47*w**2 - 1. Let s(c) = 4*j(c) - 3*l(c). Let g be ((-2)/2 + 0)*-5. Determine s(g).
-30
Suppose -5*n + 31 + 24 = -4*x, -11 = -n - 4*x. Let f(o) be the first derivative of 1/4*o**4 - 20 + 0*o**2 - 11/3*o**3 + 11*o. Determine f(n).
11
Let h(x) = -934 + 10*x + 488 + x**2 + 446. Calculate h(-4).
-24
Let n(f) be the first derivative of 3/2*f**2 - 137 - 5*f - 2/3*f**3. Determine n(4).
-25
Suppose 0*s - 20*s + 68 = -3*s. Let d(f) = 11*f - 7. What is d(s)?
37
Let i(j) be the first derivative of -j**3/3 - 7*j**2 + 40*j + 50. Give i(-17).
-11
Let m be 4/(8/(-10)) - (-13 + 3). Let z(p) = -p**2 - m - 14*p + 33*p - 16*p - 1. Calculate z(4).
-10
Suppose 7 - 2 = 5*j - 3*g, -5*j + g + 5 = 0. Let n be 4 - (-1 + j)/(0 - 2). Let l(d) = -5*d**2 - 2 - n*d + 0*d + d**2 - d**3 - d**2. Give l(-3).
-8
Let h(u) be the first derivative of u**5/60 + u**4/12 + u**3/2 - 12*u**2 - 96. Let l(t) be the second derivative of h(t). Give l(-3).
6
Let g(k) = -252*k + 116*k - 25 + 134*k. What is g(-14)?
3
Let u(r) = -r**3 + 6*r**2 + 3*r + 4. Suppose -17*d = -6627 - 13161. Let j be 2/(-5) + d/10. Let t = -109 + j. Give u(t).
-24
Let o be (-1 - -1) + 65/(-13). Let b = 14 + o. Let x = -10 + b. Let a(f) = -8*f - 1. Calculate a(x).
7
Let b(g) = -g**2 + 3*g + 13. Suppose 373 = -3*t + 5*r, 3*t + 149 = -5*r - 174. Let x = t + 122. Determine b(x).
-5
Let p(u) be the third derivative of -1 - 2/3*u**3 - 13*u**2 + 0*u + 1/8*u**4. Calculate p(0).
-4
Let j = -228 + 232. Let o(g) = g**2 - j*g**3 + 2*g**2 - 10*g**2 + 6*g**2 + 5*g**3. Give o(0).
0
Let v(k) = 3*k - 9. Let d(l) = -l - 1. Let i be ((-20)/25)/4 + (-12)/(-10). Let b(y) = i*v(y) + d(y). Give b(9).
8
Let h(i) = -1 - 12*i + 13 - 6 - 3 - 4 + 14*i. Suppose 0 = -5*w - 9 - 6. Let q be w/15 - (-9)/(-5). Calculate h(q).
-5
Let y(n) = 2 + n - 3*n + n. Let b be (10/4 + (-2)/1)*-46. Let s be b/(-92) + (-30)/(-8). What is y(s)?
-2
Let x(w) = w**3 + 35*w**2 - 158*w - 77. Suppose -5519 = 304*c + 6337. Give x(c).
1
Let k(g) = -197*g**2 + 411*g**2 - 4 - 216*g**2 - 10*g. Let l be (-66)/18 - (-2)/(-6). Determine k(l).
4
Let p(s) = -2*s**2 - 11*s - 15. Let b be -12 - (56/(-14) + -2). Calculate p(b).
-21
Let q(d) be the second derivative of 11 - d + d**2 - 1/12*d**4 + 0*d**3. Determine q(5).
-23
Let p(q) = q. Let h(n) = n**3 - 3*n**2 - n - 41. Let j be h(5). Let i(l) = 2*l + 5. Let k(z) = j*p(z) + i(z). Give k(-5).
-25
Let x(f) be the third derivative of -7*f**4/24 - 137*f**3/6 + 35*f**2 + 9*f. What is x(-19)?
-4
Let p(m) = -5*m**2 + m**3 + 10*m - 18 - 7*m - 31 + 53. Let j = 2 - -1. What is p(j)?
-5
Let d(j) be the third derivative of -j**5/60 - 7*j**4/12 - j**2. Let s = 57452 - 57466. Determine d(s).
0
Let m(x) be the third derivative of -x**6/120 + 3*x**5/20 - x**4/6 - 5*x**3/3 - 9*x**2 - 17*x + 6. Determine m(6).
74
Let h(c) be the third derivative of 0*c - 1 - 183*c**2 - 37/6*c**3 - 1/4*c**4. Determine h(-7).
5
Let c be (-10)/4*4*-1. Suppose c = -k - 0*k. Let h(r) be the second derivative of r**5/20 + 11*r**4/12 + 11*r**3/6 + 5*r**2/2 - 3*r + 42. Give h(k).
-5
Let n(h) = -h**2 + 4*h + 5. Suppose -4*z = -3*z + 9. Let d(b) = -b**2 - 10*b - 7. Let y be d(z). Suppose -5*f - y*p + 33 = 0, -p = p - 8. Calculate n(f).
0
Let r(u) = 11*u - 37. Let b(z) = -7*z + 18. Let p(w) = 14*w + 257. Let i be p(-18). Let s(o) = i*b(o) + 3*r(o). Calculate s(-15).
9
Suppose 10 = -3*a + 2*n - 10, 0 = a - 2*n + 8. Let g(l) = 5*l - 35 + l**2 - 37 + 5*l - 25 + 104. Determine g(a).
-17
Let a(t) = -3*t + 72. Suppose -5*z + 98 = 4*p, 85 = 4*z + 9*p - 8*p. Give a(z).
6
Let j(h) be the first derivative of -h**5/20 - 3*h**4/4 - 13*h**3/6 + 5*h**2/2 - 93*h + 150. Let w(s) be the first derivative of j(s). Give w(-7).
-2
Let z = -1546 + 1549. Let i(x) = -x**3 - x**2 + x - 7. Determine i(z).
-40
Let f(l) = -2*l - 52. Let d be f(-24). Let b(k) = -2*k**2 + 15*k - 14. Let g(w) = w**2 - 5*w + 5. Let i(o) = 3*b(o) + 8*g(o). Calculate i(d).
10
Let g(w) = 7*w**3 - 27*w**2 - 5*w - 5. Let d be 3*41/(1845/60). What is g(d)?
-9
Let t(a) be the first derivative of -14/3*a**3 + 2 + 1/2*a**2 + 0*a. Let r(l) = l**3 - 20*l**2 - 427*l - 67. Let q be r(33). What is t(q)?
-15
Let z be (-2 - 4)*12/36. Suppose 0 = 2*b - 7*b + 15. Let k(g) = 0 + b - 1 + 0 - 5*g. Calculate k(z).
12
Let x be (-6)/27*-3*18/4. Suppose 3*q + 21 = -0*g + 2*g, 33 = x*g - 5*q. Let m(v) = -g - 2*v**2 + 6*v**2 + v**2 - v - v**3 + v**2. Calculate m(5).
14
Let w be (-103)/(-2) - 2 - (-3)/2. Let b = w + -46. Suppose 5*g + 49 = q, -5*g + 8*q - 47 = b*q. Let j(t) = -t - 5. What is j(g)?
5
Let k(h) be the first derivative of h**6/180 + h**5/15 + h**4/12 - 56*h**3/3 + 64. Let c(j) be the third derivative of k(j). What is c(-6)?
26
Let t(a) = 6*a - 16. Let i = -7669 - -7668. What is t(i)?
-22
Let i(v) = -v**2 - 4*v + 1. Let c be i(-4). Let x be (((-8)/6)/((-9)/27))/2. Let u(a) = x*a - a - 334*a**3 + 331*a**3. Give u(c).
-2
Suppose -p = 4*p. Let s = -809 - -817. Let l(t) = 4*t + s - 3*t**2 + p*t - 5 - 4 + t**3. Give l(3).
11
Suppose -540 = -15*j - 135. Let f be 6*84/j*36/(-16). Let a = f + 47. Let k(m) = m + 3. Give k(a).
8
Let h be (5 - 6)*0/(-2). Let i(d) = -27*d + d**2 + h + 31*d - 3. Suppose -2*r = -2*y - 4, y = 4*r + 5 + 2. Give i(r).
-6
Suppose 0*t + t = 4*b - 5, -b + 3*t + 4 = 0. Let c(z) = -2 + 4 + 26243*z**2 - z - 26248*z**2 + 0. Calculate c(b).
-4
Suppose -5 = 5*g + 5*m, -34*g + 31*g - 23 = -2*m. Let j(y) = y**2 + 3*y + 10. Determine j(g).
20
Let k(j) be the first derivative of -33*j**2/2 + 14*j + 112. Calculate k(3).
-85
Suppose 0 = 15*b - 1904 - 646. Suppose -4*x - 2*y - b = -202, 2*y = 2*x - 4. Let u(w) = -w**2 + 7*w + 2. Give u(x).
8
Let n(q) = -q - 8. Suppose 0 = 4*d - 2*d - 10, d - 25 = 2*c. Let z be n(c). Let f(u) = 6*u - 8*u**2 - 5 - 2*u**z + 9*u**2 - u. Determine f(4).
-1
Let y = 2 + -1. Let d be 1 - (-1 - (y + -2)). L